 is divided by 144.
143
What is the remainder when 3066 is divided by 61?
16
Calculate the remainder when 2274 is divided by 379.
0
Calculate the remainder when 104135 is divided by 467.
461
What is the remainder when 1258 is divided by 886?
372
What is the remainder when 19608 is divided by 185?
183
Calculate the remainder when 260 is divided by 49.
15
What is the remainder when 4916 is divided by 1223?
24
What is the remainder when 1150331 is divided by 287575?
31
What is the remainder when 16681 is divided by 3327?
46
Calculate the remainder when 404759 is divided by 5866.
5
Calculate the remainder when 104511 is divided by 93.
72
Calculate the remainder when 13245 is divided by 417.
318
What is the remainder when 349308 is divided by 34?
26
What is the remainder when 9914 is divided by 3134?
512
What is the remainder when 8133 is divided by 1598?
143
Calculate the remainder when 34456 is divided by 173.
29
What is the remainder when 3527 is divided by 145?
47
What is the remainder when 16870 is divided by 712?
494
What is the remainder when 7472 is divided by 30?
2
What is the remainder when 58308 is divided by 11?
8
Calculate the remainder when 550 is divided by 321.
229
What is the remainder when 12014 is divided by 3952?
158
What is the remainder when 6876 is divided by 2107?
555
Calculate the remainder when 2075647 is divided by 22.
13
What is the remainder when 615510 is divided by 257?
252
Calculate the remainder when 2641 is divided by 20.
1
What is the remainder when 187927 is divided by 24?
7
What is the remainder when 2020 is divided by 669?
13
What is the remainder when 34851 is divided by 9?
3
Calculate the remainder when 104873 is divided by 444.
89
What is the remainder when 23900 is divided by 368?
348
Calculate the remainder when 36242 is divided by 4523.
58
Calculate the remainder when 20714 is divided by 309.
11
Calculate the remainder when 14166 is divided by 2359.
12
Calculate the remainder when 2577 is divided by 853.
18
What is the remainder when 8732 is divided by 1410?
272
Calculate the remainder when 15294 is divided by 104.
6
What is the remainder when 271244 is divided by 150?
44
What is the remainder when 50323 is divided by 36?
31
What is the remainder when 15510 is divided by 500?
10
Calculate the remainder when 1456 is divided by 867.
589
What is the remainder when 91195 is divided by 10?
5
Calculate the remainder when 4429 is divided by 395.
84
What is the remainder when 11209 is divided by 6?
1
What is the remainder when 2439 is divided by 256?
135
What is the remainder when 14971 is divided by 4983?
22
What is the remainder when 13632 is divided by 4540?
12
What is the remainder when 171811 is divided by 85869?
73
What is the remainder when 6915 is divided by 41?
27
What is the remainder when 59395 is divided by 2199?
22
What is the remainder when 5989 is divided by 755?
704
Calculate the remainder when 1767199 is divided by 84.
7
What is the remainder when 12575 is divided by 38?
35
Calculate the remainder when 110312 is divided by 249.
5
What is the remainder when 43859 is divided by 68?
67
What is the remainder when 8635 is divided by 41?
25
What is the remainder when 980 is divided by 544?
436
What is the remainder when 42579 is divided by 156?
147
Calculate the remainder when 109227 is divided by 840.
27
What is the remainder when 1877 is divided by 1?
0
Calculate the remainder when 857 is divided by 103.
33
What is the remainder when 17597 is divided by 36?
29
Calculate the remainder when 2210 is divided by 790.
630
What is the remainder when 1124 is divided by 583?
541
What is the remainder when 5467716 is divided by 1366926?
12
What is the remainder when 6897 is divided by 3134?
629
Calculate the remainder when 125650 is divided by 37.
35
Calculate the remainder when 6604 is divided by 161.
3
Calculate the remainder when 106 is divided by 4.
2
What is the remainder when 2762 is divided by 685?
22
Calculate the remainder when 97530 is divided by 24314.
274
Calculate the remainder when 9479 is divided by 1145.
319
What is the remainder when 29137 is divided by 47?
44
What is the remainder when 9920 is divided by 514?
154
What is the remainder when 67828 is divided by 21?
19
Calculate the remainder when 196564 is divided by 527.
520
Calculate the remainder when 30488 is divided by 121.
117
What is the remainder when 1033 is divided by 506?
21
What is the remainder when 281904 is divided by 62?
52
Calculate the remainder when 365431 is divided by 32.
23
Calculate the remainder when 6017 is divided by 5929.
88
What is the remainder when 501690 is divided by 1831?
1827
What is the remainder when 3721607 is divided by 74?
73
What is the remainder when 962 is divided by 75?
62
Calculate the remainder when 72177 is divided by 152.
129
Calculate the remainder when 583276 is divided by 19.
14
What is the remainder when 11587 is divided by 61?
58
What is the remainder when 1866 is divided by 144?
138
What is the remainder when 19103 is divided by 323?
46
What is the remainder when 4825 is divided by 691?
679
Calculate the remainder when 6402 is divided by 492.
6
Calculate the remainder when 17157 is divided by 235.
2
What is the remainder when 626 is divided by 399?
227
What is the remainder when 838 is divided by 129?
64
Calculate the remainder when 48232 is divided by 48164.
68
Calculate the remainder when 3672 is divided by 3656.
16
What is the remainder when 3273 is divided by 1290?
693
Calculate the remainder when 63499 is divided by 567.
562
What is the remainder when 247239 is divided by 11237?
25
What is the remainder when 4781 is divided by 81?
2
What is the remainder when 831 is divided by 126?
75
Calculate the remainder when 10751 is divided by 33.
26
Calculate the remainder when 22493 is divided by 4487.
58
What is the remainder when 2912 is divided by 78?
26
What is the remainder when 70681 is divided by 23548?
37
What is the remainder when 1639438 is divided by 22?
20
Calculate the remainder when 113310 is divided by 63.
36
What is the remainder when 828 is divided by 270?
18
What is the remainder when 2455 is divided by 133?
61
Calculate the remainder when 20532 is divided by 18.
12
What is the remainder when 5681 is divided by 135?
11
What is the remainder when 1027375 is divided by 1474?
1471
Calculate the remainder when 206221 is divided by 29450.
71
Calculate the remainder when 5176 is divided by 1482.
730
What is the remainder when 11667 is divided by 6?
3
What is the remainder when 121357 is divided by 133?
61
Calculate the remainder when 27381 is divided by 13555.
271
What is the remainder when 14303 is divided by 164?
35
What is the remainder when 3403 is divided by 1025?
328
What is the remainder when 21143 is divided by 26?
5
Calculate the remainder when 214988 is divided by 3981.
14
Calculate the remainder when 189746 is divided by 25.
21
Calculate the remainder when 14275 is divided by 4755.
10
What is the remainder when 56955 is divided by 14213?
103
Calculate the remainder when 33388 is divided by 477.
475
What is the remainder when 55296 is divided by 100?
96
What is the remainder when 2397 is divided by 1177?
43
Calculate the remainder when 58987 is divided by 118.
105
Calculate the remainder when 2016 is divided by 277.
77
Calculate the remainder when 34359 is divided by 1667.
1019
What is the remainder when 1198469 is divided by 1365?
1364
Calculate the remainder when 11552 is divided by 31.
20
Calculate the remainder when 27247 is divided by 267.
13
What is the remainder when 209201 is divided by 2092?
1
Calculate the remainder when 18552 is divided by 350.
2
What is the remainder when 6634 is divided by 1197?
649
Calculate the remainder when 18668 is divided by 389.
385
What is the remainder when 372042 is divided by 85?
82
Calculate the remainder when 85629 is divided by 1902.
39
What is the remainder when 5788 is divided by 29?
17
What is the remainder when 450391 is divided by 131?
13
What is the remainder when 4360 is divided by 618?
34
What is the remainder when 137432 is divided by 68709?
14
Calculate the remainder when 23023 is divided by 235.
228
Calculate the remainder when 36882 is divided by 37.
30
Calculate the remainder when 406020 is divided by 101505.
0
Ca